4 - i)/(o/(-108))?
4
Let y = 162 - 366. Let z = y - -374. What is the tens digit of z?
7
Let z(m) = 7*m - 12. Let c(k) = -9*k - 45. Let g be c(-24). Let i be (g/6)/3 + (-6)/4. What is the tens digit of z(i)?
4
Let q(z) = 62*z + 19 - 2*z**2 - 72 + 6*z. What is the units digit of q(28)?
3
Suppose 0 = b + 2*y - 8409, 5*y + 16827 = 57*b - 55*b. What is the tens digit of b?
1
Suppose 0 = -14*z + 7*z + 21070. What is the tens digit of z?
1
Let g(s) = 8*s**3 - 5*s**2 + 7*s - 38. Let h be g(9). Suppose 6*x - 3*x + 5*f - 3279 = 0, -4*f = 5*x - h. What is the thousands digit of x?
1
Suppose 6 = 5*c - 9. Suppose -p - c*p = 20. What is the tens digit of (4 - -146)*(-2)/p?
6
Let v(u) = -577*u + 1022. What is the tens digit of v(-27)?
0
Let o(y) = -537*y - 6695. What is the hundreds digit of o(-60)?
5
Let u(o) = 1014*o + 8309. Let y be u(-8). Suppose 3*l - 286 - 1019 = 0. Suppose -5*r - 4*b + l = 0, 4*r - 6*r = -3*b - y. What is the units digit of r?
1
Let i be (691 - -8)*3/9. Suppose 0 = -4*b - h + i, 9*b + 3*h - 300 = 4*b. What is the units digit of b?
7
Let b(z) = 2*z**2 - 3*z - 2. Let f be b(-6). Let h be (2 + (-15)/9)/(4/828). Suppose -o + h + f = 0. What is the units digit of o?
7
Suppose 5*v - 22 = -3*o, 2*o - 4*o = v - 17. Suppose 5*p - 4*f = o, 3*p + f - 3 = 4*f. Suppose p*t + 513 = 1403. What is the tens digit of t?
7
Suppose -4*z = -3*s - 157338, 250 = s + 256. What is the thousands digit of z?
9
Let z(p) = 20*p**3 + 5*p + 102. What is the units digit of z(8)?
2
Suppose -5*b + 22 = -13. Let w(y) = 5*y - 31. Let u be w(b). Suppose u*m + 5*j = 533 - 159, 0 = -3*j - 6. What is the units digit of m?
6
Suppose 11*p - 56822 = 125547 - 45672. What is the ten thousands digit of p?
1
Let r = -105 + 105. Suppose l = -r*l + 81. What is the units digit of l?
1
Suppose -35 = 3*d + 46. Let b = 30 + d. Suppose -4*j + 206 = -b*j. What is the tens digit of j?
0
Suppose i + 853 = 2*v, 250 = v - i - 177. Suppose a - 2*k = 1310, -4*a = -2*k - 4814 - v. What is the thousands digit of a?
1
Let m = 2 + -55. Let d = m + 55. Suppose r + 65 = d*r + 3*f, 2*f + 130 = 2*r. What is the tens digit of r?
6
Let y(x) = 308*x - 124. Let t be y(12). Suppose t = 4*b + 4*u, 5*b - u - 4444 = u. What is the tens digit of b?
9
Suppose -22*y - 11 = v - 19*y, 2*v - 5*y - 33 = 0. Suppose -3*l + 3043 = 11*m - 9*m, 0 = l + v*m - 1031. What is the thousands digit of l?
1
Let p = -120 - -120. Suppose -2*k = -5*c + 35, p*c + 4*k + 16 = 4*c. Suppose -73 = -5*h + d, -4 + c = h - 5*d. What is the units digit of h?
5
Let q = -38 - -53. Let b(t) = 49*t**2 - q*t + 4 - 41 - 47*t**2 - 6*t. What is the tens digit of b(16)?
3
Let n(p) = -p**3 + 7*p**2 + 3*p - 9. Let x be n(8). Let b = x + 52. Suppose -558 = -3*u - 3*i, -b*i - 379 = -3*u + 179. What is the tens digit of u?
8
Suppose 18*j = -136343 + 891803. What is the thousands digit of j?
1
Let q = 4467 - 2088. Suppose -30*y = q - 37089. What is the thousands digit of y?
1
Suppose -4*z - 3*q = -41 - 0, -z + 9 = 2*q. Let i(a) = 119*a + 6. Let y(x) = 59*x + 3. Let m(o) = z*y(o) - 6*i(o). What is the units digit of m(-1)?
2
Let y(j) = -2019*j - 485. What is the units digit of y(-9)?
6
Let f(r) = -21*r + 48. Suppose -47 = 6*t + 37. What is the tens digit of f(t)?
4
Let t(k) = 34*k + 320. Let r be t(-9). What is the tens digit of 177/413 + 6574/r?
7
Let g(r) = 16*r + 2*r**2 + 18*r**2 - 31 + 43 - 24. What is the tens digit of g(-6)?
1
Let f(y) = 5*y**2 - 36*y + 55. Let r be f(8). Let l(x) = -3*x**2 + 3*x - 1. Let o be l(3). Let b = o + r. What is the tens digit of b?
6
Let k = 18 - 14. Suppose 0 = 5*h + 5*g - 1285, -k*h + g = -3*g - 1012. What is the units digit of h?
5
What is the hundreds digit of 2/(3359174/279929 + -12)?
5
Let c(b) = -86*b - 76. Let u(m) = -43*m - 36. Let y(t) = -2*c(t) + 5*u(t). What is the units digit of y(-4)?
4
Let l(c) = -65 - 29*c**2 + 63*c**2 - 10*c**2 + c**3 + 30*c. What is the hundreds digit of l(-22)?
2
Let d(j) = j**2 - 9*j - 10. Let k be ((-14)/18)/(-7) - (-138)/(-27). What is the tens digit of d(k)?
6
Suppose 4*t + 64 = 4*a, 37*a + 80 = 42*a + t. Let y(r) = 1126*r**2 + 2*r + 1. Let b be y(-1). Suppose 7*z - b - a = 0. What is the units digit of z?
3
Let p be ((-4)/(-16))/(-3 + -1 - (-147)/36). Let g be (-32)/(5/(410/(-4))). Suppose u - g = -p*u. What is the units digit of u?
4
Let g(y) = -y**2 + 15*y - 5. Let w be g(10). Suppose 5*i - 45 = w. What is the tens digit of i?
1
Suppose h + 24 = p, h + 10 = -4*h. Suppose 29*r - p*r = 3899. What is the units digit of r?
7
Let m = -40 + 30. Let l be ((-8)/m)/(2/10). What is the units digit of 445/l + 9/12?
2
Let t(s) = s**2 - 2*s - 1. Let z = 43 + -37. Let h be t(z). Suppose 385 = 28*x - h*x. What is the units digit of x?
7
Let a = 2725 - -1570. What is the tens digit of a?
9
Suppose -2*k + 5*i = -895, 7*k + 3*i - 903 = 5*k. What is the hundreds digit of (-18664)/(-30) + (-60)/k?
6
Suppose -5*x = -2*r - 21566, 3*r + 8639 = 2*x - 2*r. Suppose -14*n + 3*n = -x. What is the hundreds digit of n?
3
Suppose 86*r - 88*r = 2*n - 94766, -2*r + 94746 = -3*n. What is the units digit of r?
9
Let p(f) = -f**3 - 16*f**2 + 13*f - 19. Let d(x) = -x**3 - 11*x**2 - 7*x + 17. Let y be d(-10). Let l be -2 + (-9)/3 + y + 1. What is the tens digit of p(l)?
4
Suppose -2*a - 397*o = -401*o - 4790, -2*o - 9556 = -4*a. What is the tens digit of a?
8
Let g(b) = -4*b - 80. Let u be g(-22). Suppose 2*j = -u*j + 5560. What is the tens digit of j?
5
Let u = 155 + 520. Suppose -125 = -5*d + u. What is the hundreds digit of d?
1
Let j(h) be the second derivative of -3*h**5/20 - h**4/12 + h**3/3 - h**2 + 41*h. What is the units digit of j(-3)?
4
What is the tens digit of -9 - (-11)/2 - 58604/(-8)?
2
Suppose 0 = 6*v + 18796 - 77260. What is the tens digit of v?
4
Let n = 6 + 1. Suppose n*u + u - 16 = 0. Suppose -u*l + 77 = -45. What is the units digit of l?
1
Let h(f) be the second derivative of 20*f**3/3 - 63*f**2/2 + 22*f. What is the hundreds digit of h(11)?
3
Let t = -102 + 210. Suppose 0 = -4*s - t + 948. Let g = s + -114. What is the units digit of g?
6
Suppose -7 = 6*n - 13. What is the hundreds digit of (-16)/(n + 78/(-72))?
1
Let i = -264 - -285. Let m(c) = -c**3 + 21*c**2 + 21*c - 7. What is the tens digit of m(i)?
3
Let x = 593 - 833. Let b = x + 528. What is the hundreds digit of b?
2
Let p be 0*(-4 - 42/(-12)). Suppose 4*n + 5*h - 2282 = p, n - 6*h - 566 = -5*h. What is the tens digit of n?
6
Suppose 392*k + 259702 = 423*k - 33713. What is the tens digit of k?
6
Let x(j) = -21*j**3 + 6*j**2 + 4*j - 5. Let g be x(-4). Suppose -12*d - 351 = -g. Let k = d - -43. What is the tens digit of k?
3
Suppose 0 = 33*t - 22440 - 32802. What is the tens digit of t?
7
Let n = -34 - -19256. What is the hundreds digit of n?
2
Suppose 0 = -5*w + 49 + 146. Let f = w + -25. Let y(a) = a**2 - 7*a - 16. What is the tens digit of y(f)?
8
Let m be 2/13 + (-5390)/(-455). Suppose 6583 = m*x - 3149. What is the tens digit of x?
1
Let b(t) = 1246*t + 38771. What is the units digit of b(0)?
1
Let x be (-1 + -165)*(-18)/12. Suppose -3*n - 3*n = 0. Suppose n = -4*k + k + x. What is the units digit of k?
3
Suppose 120*b - 70407 = 58353. Let s be 1/2*0*-1. Suppose s = -5*f + k + b, f + f = -k + 425. What is the hundreds digit of f?
2
Let k be 3/2*(-13)/((-156)/88). Suppose g = -4*n + 469, 15*n - k*n = -2*g + 934. What is the tens digit of g?
6
Let f = -3108 + 4444. Suppose -2*w - f - 14 = -4*p, 4*w = -5*p + 1694. What is the hundreds digit of p?
3
Let u be (-4)/(1 - (-20)/(-15)). Let n be (1923/1)/(-3)*-1. Suppose 4*t - n = -0*t - 3*g, 0 = 4*g - u. What is the hundreds digit of t?
1
Let m(p) = p**2 - 9*p - 21. Let y be m(11). Let t be y - (5 + -4)*-1. Suppose 5*k + 0*k = 2*x + 1000, -t*k + 5*x + 421 = 0. What is the units digit of k?
8
Let g(a) = -a**3 - 33*a**2 - 86*a + 397. What is the tens digit of g(-40)?
3
Let r = 11434 + -9416. What is the tens digit of r?
1
What is the hundreds digit of (370/(-3))/((-159)/(-42930)*(1 - 5))?
3
What is the ten thousands digit of (-20)/(-30) - -1 - (68926/(-3) + -2)?
2
Let g(u) be the first derivative of u**4/2 - 50*u**3/3 - 23*u**2 - 37*u + 69. What is the units digit of g(27)?
7
Let h be (3/1 + 5824/(-12))*-3. Let r = -661 + h. Suppose 4*k - 5*g = -3*g + r, -987 = -5*k - 2*g. What is the hundr